.
-15
Evaluate (-2 - 0) + -3 - ((-15 - -23) + -17).
4
What is -1 + (-32 - -26) + (19 - -1)?
13
Calculate 86 + -77 + (1 - (-2 + -5)).
17
Calculate -1 + 8 - (-7 + 27 - 13).
0
What is (27 - -2) + (59 - 66)?
22
Calculate -16 + -1 + 11 + (-1 - -1).
-6
-20 + 11 + 10 + -1 + 1 + 1
2
Calculate (-1 - -20) + -19 - (5 + -5).
0
Evaluate -126 + 147 - (25 - 3).
-1
Evaluate (-165 - -175) + (-10 - 2).
-2
Evaluate (4 - (5 - (2 - -4))) + 10 + 1.
16
What is the value of (-43 - -7) + (103 - 51)?
16
Calculate -6 - ((8 - (1 + 13 + 2)) + 4).
-2
Calculate (-21 - -22) + (-17 - -2) + 3.
-11
10 - (12 + 1 - 35) - 11
21
What is 31 + -38 + -8 + 5?
-10
-21 + (17 - -4 - 17)
-17
57 - (11 - -27) - (-1 + 56)
-36
What is the value of 2 - (-32 - -8 - -29)?
-3
Evaluate 4 + -3 + (4 - 0) + (14 - 7).
12
Calculate ((4 - -1) + -1 - 0) + (-4 - 0).
0
What is the value of 11 - ((20 - 25) + 9)?
7
Evaluate -3 + (24 - 38) - (1 + 7).
-25
What is -23 + 9 + 4 - (-3 + -7 + -27)?
27
5 - 9 - ((7 - -2) + (-11 - -9))
-11
1 + 16 + -250 + 243
10
Calculate (5 + 3 - 9 - 6) + -1.
-8
What is the value of 11 + (-5 + -10 - 9)?
-13
What is the value of -39 + 66 + -6 + -8?
13
What is (0 - (-8 - -13)) + 8 + 1 - -7?
11
Calculate 8 + (-56 + 36 - 16).
-28
What is the value of (30 + 7 - 41) + 2 + 0?
-2
-1 + -1 + (-28 - (-14 - 9)) - 14
-21
Calculate 1 - (-20 + 4) - (-63 - -51).
29
24 + -42 + 28 - (1 - 11)
20
Evaluate 1 + 6 + (-158 - -163).
12
What is 6 + -8 + 20 - 14?
4
Calculate 2 - (-5 + 2 - 1) - (-25 + 31).
0
Evaluate -8 - (-1 - -8) - (8 - (11 + -3)).
-15
What is 12 + 19 + -71 + 5?
-35
What is the value of 1 + (-23 - -7 - (-7 + 1)) - -7?
-2
What is -40 + -23 + 50 + (-1 - -11)?
-3
-26 - -3 - (-3 + -10)
-10
What is the value of -7 + (37 - 24) - 11?
-5
Evaluate (-71 - -52) + 2 + 30.
13
Calculate (109 - 107) + 4 + 0 + -3.
3
Calculate (-7 - 8) + (-12 - -12).
-15
(-91 - -95) + (1 - 0 - (1 - -8))
-4
What is (27 - 28 - (-2 + 4 - 2)) + -3?
-4
Evaluate 0 - (12 + -1) - -35.
24
What is the value of 14 + (14 + -79 - -35)?
-16
Calculate (0 - (1 + -7)) + (-117 - -120).
9
Calculate (-15 - (-28 - -14)) + -16 + 5.
-12
What is -1 - (50 + (-41 - -23))?
-33
-3 - (-13 - -5) - (-1 + -1 - -14)
-7
Calculate -4 - (-11 - (3 + -19)).
-9
What is the value of (-1 - -4) + -5 + -21 + 18 + -10?
-15
Evaluate (12 - (1 + 2)) + (5 - (21 - 10)).
3
-9 - ((0 - 0) + (6 - (23 + -24)))
-16
What is the value of -3 + (-6 - 0) + 13?
4
Calculate 1 + (1 + -7 - -3) + -4.
-6
What is the value of (57 - -4) + -15 + -12 - -5?
39
Evaluate (1 - 2) + (2 - 10) + (-2 - 1).
-12
Evaluate -7 + (61 - 28) + (-1 - 4) - 6.
15
Evaluate -1 + (-14 - -9) - (-2 + 9).
-13
What is the value of -2 + -9 + (4 - (4 - 15))?
4
What is 11 + (12 - 3) + -9?
11
Evaluate -22 + (-3 - -25) + -7.
-7
What is -8 + 1 - -12 - ((-8 - -11) + 32)?
-30
Calculate (-5 - (5 - 10)) + -5 + 2 + -8.
-11
Calculate -5 - (-7 + -4 + -20 - -9).
17
Calculate -19 - (13 - -23 - 21).
-34
What is -6 + (135 + -117 - (10 + 1))?
1
Calculate -23 + 25 - (-2 + -17 - (3 + -4)).
20
What is 173 + -180 + 20 + 0?
13
What is the value of 22 - (-1 + 2) - (-51 + 19 + 31)?
22
(-12 - -3) + 9 + (2 - 4)
-2
Evaluate 34 + -12 - (23 - -4).
-5
Calculate (56 - 3) + -23 + -16.
14
Evaluate -20 + 20 + 2 + (-10 - 2 - 2).
-12
Evaluate 67 + -40 - 21 - -2.
8
Evaluate 65 + -42 + (-11 - 3) + -5.
4
What is the value of 7 - (-3 - (-2 - -3) - (35 - 35))?
11
Evaluate -12 - -1 - -4 - (-17 - (4 - 7)).
7
Calculate 1 + 2 + -8 + -3 + 2.
-6
What is (12 + (8 - 22) - (5 + 0)) + 7?
0
Evaluate (41 - 38) + (0 - 2) - -5 - 4.
2
What is -1 + 21 + -6 + 1 + -6 + 2?
11
What is -15 + (-14 - -8 - -34)?
13
(0 - 2) + -13 + 11 + 0 + 0
-4
Calculate -34 + 37 + 4 + -5.
2
-11 + (26 - (-4 + 14))
5
8 - 1 - (7 + -4 + 2)
2
What is the value of -30 + 17 - (-23 - -4)?
6
What is the value of -1 + 12 - 16 - -12?
7
What is the value of -4 - ((9 - 26 - -7) + 2)?
4
Evaluate 3 + 12 - 4 - (-7 - (-18 - -8)).
8
8 + (-18 - ((-4 - -6) + 3 - -1))
-16
9 - (1 + -1 + -3)
12
8 - (13 + (18 - 30))
7
What is 0 - 10 - (33 - 62)?
19
Evaluate 22 + -14 + 20 + -39.
-11
Calculate (-5 - -27) + -3 - (48 + -38).
9
Evaluate 2 + (-7 - (5 - -2 - 28) - 2).
14
What is ((-2 - 3) + (-3 - -8) - 8) + 0?
-8
-1 - (-8 - 8 - (1 + 0 + -3))
13
(1 - 2 - -12) + 11 + -12
10
What is (-4 - -4) + -145 + 129 - (1 - 12)?
-5
-217 - -208 - (-2 + -24)
17
What is -6 + (-11 - -8) - -11?
2
What is the value of -10 + (9 - 9) - 1?
-11
Calculate (-3 - (0 - 2)) + (17 - 25).
-9
Evaluate (-18 - (7 - -2)) + 26.
-1
-2 - -13 - 2 - (-6 + -4)
19
What is (-18 - (-15 - -17)) + -2?
-22
What is the value of 12 - (10 - (-6 + 15))?
11
(8 - -8) + -5 + -5 + -8 - -8
6
Calculate (57 - 37) + (-23 - -2).
-1
Calculate 30 + 2 + (-9 - 8) - 1.
14
Evaluate -4 - -3 - (-5 + 1) - (-14 + 10).
7
18 + 0 + (264 - 280) - (14 + -1)
-11
What is -172 - -180 - (1 + 9)?
-2
What is the value of 2 + 10 - (-1 + 7) - 0?
6
Evaluate -4 + -1 - (-17 - (49 + -58)).
3
0 + -23 - (-51 - -22)
6
-3 + (-4 - (3 - 0)) - 4
-14
-21 + 6 - -10 - (8 + -1)
-12
What is 7 + -4 - 5 - (0 - (8 - -3))?
9
What is the value of (-4 - -9) + (1 - -5) + -2 + -30?
-21
-11 + -4 + 25 - -8 - -6
24
What is the value of (1 - 17) + 2 - (-37 - -35)?
-12
12 + -36 + -3 + 18
-9
(-12 + 8 - -5 - (1 - -5)) + 17
12
What is -7 + (-7 - -2 - ((-24 - -3) + -22))?
31
What is the value of (-1 - -2) + 60 + -78?
-17
Calculate 1 + 5 + (-8 - -12 - 4 - 2).
4
Evaluate -6 + (-4 - -5) + 18.
13
Calculate (1 - 6) + (-29 - -21) + 14.
1
12 + -1 + (83 - 81)
13
What is the value of 0 + -4 + -20 + 32 + -44 - -2?
-34
What is the value of 10 - (-4 - -24 - 23)?
13
Calculate (-6 - 25 - -14) + 34.
17
What is 2 - (-2 + -1 - (2 - 8) - -4)?
-5
What is the value of 35 + -58 - (4 + -15)?
-12
Evaluate 15 + (6 - 4) - (11 - 4 - -4).
6
Evaluate 2 + (-3 + -2 - -9) + -19.
-13
What is the value of 17 + 10 + -21 + -9 - (-6 - 2)?
5
What is -10 + 5 + -14 + 6 + 3?
-10
What is the value of -18 - (-8 - (7 + (-14 - 6)))?
-23
Evaluate 0 + -15 - -10 - -17.
12
Calculate -12 - (-3 - (0 + 4) - (2 + -4)).
-7
What is the value of (-2 - -1) + (-616 - -651)?
34
What is the value of -3 + (18 + -11 - 20)?
-16
Evaluate -32 + (6 - (-4 + (9 - -4))) + 9.
-26
-108 + 112 - (-5 + 0)
9
What is the value of -3 + (-16 + 1 - -5) + 4 + -4?
-13
7 + -5 - (12 + (1 - 5))
-6
Calculate (-3 - 4) + 9 + 10.
12
-9 - (15 + (35 - 67))
8
5 + -4 + (-1 - ((-4 - -1) + 1))
2
What is 6 + 13 + -10 + -3?
6
What is 3 - (4 + (-9 - -26) + -4)?
-14
What is the value of -3 - -18 - (-54 - -77)?
-8
Evaluate 6 + (-3 - -5) + -3 + 1 - -4.
10
What is the value of 6 + 4 + -10 + (-4 - 0)?
-4
What is 6 + (1 - 6 - (6 + -9)) + -12?
-8
Evaluate 4 + (-16 - -9 - -14).
11
Evaluate 2 - -3 - (-1 + (3 - (4 + -16))).
-9
Calculate (-14 - -10) + 1 - (7 + -23 + -3).
16
Evaluate 30 + -5 + -15 + (1 - 4).
7
What is the value of (1 - -10) + (-7 - (0 + 3)) + 12?
13
Evaluate 12 + (2 - (6 - -11)).
-3
What is 5 - (-4 - -8) - (-14 - -13)?
2
What is the value of 16 + 33 + -35 + -48?
-34
What is 6 + (6 - 2 - (-55 - -58))?
7
What is 11 + -10 + (-8 - (-2 + 6 - 8))?
-3
What is 4 + 0 + 0 + (-34 - -58)?
28
4 + 9 + -5 - (-23 - -36)
-5
What is 15 - (-8 + 57 + -16)?
-18
Evaluate -10 + -1 - (45 - (63 - 26)).
-19
-168 + 151 + (5 - (0 + 1))
-13
Calculate 13 + (-14 - 14) + 12 + -7.
-10
Calculate 9 + -10 - -14 - (5 - 1).
9
What is (15 - ((29 - -6) + -13)) + 38?
31
Calculate -78 - -79 - (2 - -2) - (-2 + -3).
2
(-357 - -359) + 5 + (0 - -2)
9
-2 + (3 - 0) - 2 - (66 - 71)
4
What is the value of (3 - 5) + 16 - (-8 - (-8 + 9))?
23
What is the value of -2 - 0 - (-1 + -3) - (-195 + 195)?
2
What is 1 + -39 + -274 + 274 + (5 - -1)?
-32
Evaluate 0 - 29 - (-46 + 18).
-1
What is -46 + 0 - (71 - 106)?
-11
-26 + 29 + -16 - -51
38
What is -5 - (1 - 3 - -2 - 13)?
8
What is 13 - (5 - (-47 + 25)) - (0 - -2)?
-16
Calculate -22 + 4 - -12 - -2.
-4
1 + -5 + 18 + (-6 - -4) + -4
8
Evaluate 1 + 10 - (-12 - (9 - 13)).
19
-10 + (-10 - -11) - -12
3
(-26 - (-22 - -2)) + 5 + -3 + -4
-8
What is the value of -4 - (7 + -8 - 7 - (-5 - 0))?
-1
Evaluate (1 - -40) + 1 + -23 + 197 + -182.
34
5 - (7 + (31 - 39 - (-2 + 5)))
9
What is the value of 1 - -6 - 1 - (14 - (-1 - 3))?
-12
Evaluate (-4 - (-10 + -9)) + -7 + -2 + 2.
8
Evaluate -24 - (-17 + 26 - (-3 + 23) - -8).
-21
Calculate 0 + 1 + -2 + -2 + (7 - 4).
0
What is the value of -2 - (-9 - -6) - (-1 - 3)?
5
Calculate (-12 + 10 - -11) + 5 + -3.
11
What is 